
What is the units digit of 2525?
5
What is the units digit of 35089?
9
What is the tens digit of 6682?
8
What is the tens digit of 3047?
4
What is the hundreds digit of 15390?
3
What is the thousands digit of 2219?
2
What is the thousands digit of 112847?
2
What is the tens digit of 116?
1
What is the tens digit of 1500?
0
What is the tens digit of 5247?
4
What is the thousands digit of 28784?
8
What is the tens digit of 3742?
4
What is the thousands digit of 45137?
5
What is the tens digit of 38?
3
What is the hundreds digit of 757?
7
What is the hundreds digit of 1277?
2
What is the units digit of 771?
1
What is the units digit of 120382?
2
What is the units digit of 132?
2
What is the units digit of 38980?
0
What is the units digit of 8288?
8
What is the tens digit of 20134?
3
What is the tens digit of 392?
9
What is the ten thousands digit of 10525?
1
What is the tens digit of 17878?
7
What is the units digit of 1443?
3
What is the ten thousands digit of 17057?
1
What is the units digit of 349?
9
What is the thousands digit of 1527?
1
What is the tens digit of 267?
6
What is the units digit of 1670?
0
What is the ten thousands digit of 13334?
1
What is the hundred thousands digit of 130378?
1
What is the ten thousands digit of 14792?
1
What is the hundreds digit of 230?
2
What is the tens digit of 2535?
3
What is the tens digit of 3926?
2
What is the units digit of 310?
0
What is the thousands digit of 3547?
3
What is the ten thousands digit of 12696?
1
What is the units digit of 5411?
1
What is the thousands digit of 5513?
5
What is the thousands digit of 7893?
7
What is the tens digit of 1680?
8
What is the thousands digit of 4986?
4
What is the hundreds digit of 1449?
4
What is the units digit of 60554?
4
What is the units digit of 12355?
5
What is the units digit of 36160?
0
What is the units digit of 8437?
7
What is the units digit of 1165?
5
What is the tens digit of 3099?
9
What is the ten thousands digit of 110834?
1
What is the units digit of 1076?
6
What is the tens digit of 3371?
7
What is the ten thousands digit of 45528?
4
What is the hundreds digit of 19110?
1
What is the hundreds digit of 26940?
9
What is the units digit of 26726?
6
What is the thousands digit of 20191?
0
What is the ten thousands digit of 52453?
5
What is the thousands digit of 2845?
2
What is the hundreds digit of 15832?
8
What is the units digit of 447?
7
What is the hundreds digit of 48971?
9
What is the units digit of 6192?
2
What is the ten thousands digit of 72972?
7
What is the tens digit of 20341?
4
What is the units digit of 2120?
0
What is the units digit of 4817?
7
What is the units digit of 21873?
3
What is the tens digit of 893?
9
What is the ten thousands digit of 13631?
1
What is the hundreds digit of 166?
1
What is the hundreds digit of 153096?
0
What is the units digit of 47676?
6
What is the ten thousands digit of 11718?
1
What is the hundreds digit of 904?
9
What is the tens digit of 13224?
2
What is the tens digit of 9064?
6
What is the thousands digit of 5737?
5
What is the ten thousands digit of 52785?
5
What is the thousands digit of 4998?
4
What is the units digit of 3056?
6
What is the hundreds digit of 9949?
9
What is the tens digit of 9721?
2
What is the tens digit of 2911?
1
What is the units digit of 4309?
9
What is the units digit of 23387?
7
What is the hundreds digit of 38587?
5
What is the tens digit of 550?
5
What is the tens digit of 477?
7
What is the hundred thousands digit of 131879?
1
What is the units digit of 1173?
3
What is the tens digit of 19154?
5
What is the hundreds digit of 7850?
8
What is the units digit of 594?
4
What is the ten thousands digit of 34451?
3
What is the hundreds digit of 12291?
2
What is the hundreds digit of 1251?
2
What is the hundreds digit of 9308?
3
What is the tens digit of 3112?
1
What is the units digit of 77057?
7
What is the units digit of 4295?
5
What is the thousands digit of 20841?
0
What is the thousands digit of 184487?
4
What is the units digit of 52404?
4
What is the tens digit of 17054?
5
What is the tens digit of 32759?
5
What is the hundreds digit of 4063?
0
What is the tens digit of 2087?
8
What is the units digit of 1155?
5
What is the ten thousands digit of 39681?
3
What is the tens digit of 661?
6
What is the thousands digit of 19206?
9
What is the hundreds digit of 1632?
6
What is the tens digit of 170?
7
What is the units digit of 9057?
7
What is the units digit of 11338?
8
What is the tens digit of 890?
9
What is the hundreds digit of 7374?
3
What is the units digit of 248?
8
What is the tens digit of 35553?
5
What is the units digit of 694?
4
What is the tens digit of 190?
9
What is the units digit of 4418?
8
What is the units digit of 1447?
7
What is the thousands digit of 12802?
2
What is the units digit of 117235?
5
What is the thousands digit of 34173?
4
What is the hundreds digit of 18942?
9
What is the tens digit of 13389?
8
What is the tens digit of 9744?
4
What is the units digit of 31148?
8
What is the ten thousands digit of 48090?
4
What is the tens digit of 5587?
8
What is the units digit of 542?
2
What is the tens digit of 16295?
9
What is the hundreds digit of 3148?
1
What is the thousands digit of 7675?
7
What is the hundreds digit of 15550?
5
What is the units digit of 2227?
7
What is the tens digit of 51341?
4
What is the ten thousands digit of 32518?
3
What is the units digit of 11250?
0
What is the hundreds digit of 6411?
4
What is the hundreds digit of 19347?
3
What is the thousands digit of 89053?
9
What is the thousands digit of 9867?
9
What is the ten thousands digit of 96453?
9
What is the units digit of 29?
9
What is the ten thousands digit of 108180?
0
What is the ten thousands digit of 24878?
2
What is the thousands digit of 11901?
1
What is the hundreds digit of 13481?
4
What is the ten thousands digit of 93261?
9
What is the tens digit of 45891?
9
What is the tens digit of 80422?
2
What is the thousands digit of 44834?
4
What is the thousands digit of 11130?
1
What is the hundreds digit of 174?
1
What is the ten thousands digit of 11103?
1
What is the units digit of 828?
8
What is the hundreds digit of 29559?
5
What is the hundreds digit of 28878?
8
What is the thousands digit of 1913?
1
What is the hundreds digit of 832?
8
What is the thousands digit of 1156?
1
What is the tens digit of 35489?
8
What is the hundreds digit of 6900?
9
What is the tens digit of 1477?
7
What is the units digit of 54242?
2
What is the hundreds digit of 1122?
1
What is the tens digit of 1401?
0
What is the hundreds digit of 7262?
2
What is the units digit of 5041?
1
What is the hundreds digit of 93527?
5
What is the thousands digit of 102902?
2
What is the tens digit of 3614?
1
What is the hundreds digit of 1371?
3
What is the units digit of 28776?
6
What is the hundreds digit of 14804?
8
What is the ten thousands digit of 66928?
6
What is the thousands digit of 3911?
3
What is the thousands digit of 4275?
4
What is the thousands digit of 1733?
1
What is the thousands digit of 3993?
3
What is the units digit of 104192?
2
What is the tens digit of 11555?
5
What is the units digit of 1613?
3
What is the hundreds digit of 750?
7
What is the units digit of 3409?
9
What is the tens digit of 4035?
3
What is the hundreds digit of 14372?
3
What is the hundreds digit of 331?
3
What is the units digit of 1376?
6
What is the hundreds digit of 4035?
0
What is the tens digit of 57?
5
What is the tens digit of 542?
4
What is the thousands digit of 8246?
8
What is the units digit of 12455?
5
What is the hundred thousands digit of 132533?
1
What is the tens digit of 560?
6
What is the units digit of 2225?
5
What is the tens digit of 154141?
4
What is the thousands digit of 4781?
4
What is the units digit of 5691?
1
What is the thousands digit of 1251?
1
What is the tens digit of 4707?
0
What is the thousands digit of 166740?
6
What is the thousands digit of 1056?
1
What is the thousands digit of 8344?
8
What is the units digit of 929?
9
What is the hundreds digit of 9549?
5
What is the tens digit of 235?
3
What is the hundreds digit of 10322?
3
What is the tens digit of 483?
8
What is the hundreds digit of 804?
8
What is the tens digit of 729?
2
What is the hundreds dig